112*a**3 - 12407*a**2 + 2773*a - 217. Calculate m(-111).
5
Let w(m) = 111*m**2 - 10547*m - 484. What is w(95)?
-674
Let l(q) = -q**3 + 7*q**2 - 45*q + 271. Determine l(5).
96
Let f(h) = -h**3 + 92*h**2 + 701*h - 380. Give f(99).
412
Let m(o) = -29788*o + 8787462. Calculate m(295).
2
Let r(w) = w**3 + 54*w**2 + 1738*w + 98620. Determine r(-55).
5
Let y(o) = 14066*o - 436060. Determine y(31).
-14
Let v(w) = -1153*w - 80718. What is v(-70)?
-8
Let a(f) = 2*f**2 - 1568*f + 122574. Give a(88).
78
Let l(j) = -j**2 - 3788*j - 296594. Give l(-80).
46
Let d(m) = 2070*m**3 - 28*m**2 - 23*m + 5. What is d(-1)?
-2070
Let i(p) = -p**3 - 83*p**2 - 449*p + 496. Give i(-7).
-85
Let g(z) = z**3 + 99*z**2 - 1423*z - 10131. Calculate g(-111).
-30
Let p(c) = 2032*c + 8241. Give p(-4).
113
Let o(z) = 34695*z + 172994. Give o(-5).
-481
Let i(d) = -21*d**3 + 3153*d**2 - 443*d - 1020. Give i(150).
30
Let n(j) = 2*j**3 - 1903*j**2 + 26180*j + 982. Calculate n(14).
2
Let u(b) = -10003*b + 580195. What is u(58)?
21
Let m(g) = 9247*g + 175591. Determine m(-19).
-102
Let q(a) = -3*a**2 + 3414*a - 40616. Determine q(12).
-80
Let u(g) = -g**3 + 3*g**2 + 277*g + 1038. Calculate u(-4).
42
Let f(c) = 799*c**3 + 389112*c**2 - 476*c + 5362. What is f(-487)?
5
Let f(v) = v**2 + 4999*v + 276773. Give f(-56).
-35
Let i(t) = 5809*t + 29343. Give i(-5).
298
Let k(o) = o**3 + 46*o**2 + 1653*o + 92647. Calculate k(-50).
-3
Let h(d) = d**3 - 6*d**2 - 253*d - 1058. Give h(-9).
4
Let p(g) = -429*g - 15127. Determine p(-35).
-112
Let n(z) = -41473*z + 3981379. Give n(96).
-29
Let h(l) = 2*l**2 + 2268*l + 51270. Give h(-1111).
164
Let c(a) = 88*a**2 - 54115*a + 50946. Give c(614).
-16
Let a(z) = -2*z**3 + 61*z**2 + 562*z - 15059. Determine a(32).
-147
Let n(s) = -10*s**3 - 26*s**2 - 35*s - 123. What is n(-4)?
241
Let k(c) = 3*c**3 + 12*c**2 - 2050*c - 6171. Calculate k(-3).
6
Let a(d) = -5*d**2 + 390*d - 4820. Determine a(69).
-1715
Let y(v) = 15220*v - 96. What is y(0)?
-96
Let c(g) = 348*g + 39949. Calculate c(-116).
-419
Let x(w) = w**3 - 55*w**2 + 577*w - 102. Give x(14).
-60
Let r(n) = -181*n**2 + 9561*n + 1689. Calculate r(53).
-7
Let n(v) = 1414638*v + 8487834. Give n(-6).
6
Let x(h) = h**3 - 99*h**2 - 662*h + 46751. Calculate x(101).
291
Let d(u) = 6*u**3 + 428*u**2 + 147*u + 355. Calculate d(-71).
0
Let u(a) = 2*a**2 - 114*a - 197. Calculate u(67).
1143
Let p(r) = 9578*r + 57833. Give p(-6).
365
Let c(w) = -w**2 - 2579*w - 292750. Give c(-119).
-10
Let t(i) = 310*i + 6516. Calculate t(-21).
6
Let w(v) = -3*v**3 + 15*v**2 - 2290*v + 13726. Determine w(6).
-122
Let j(l) = -46*l**2 + 279*l + 944. Give j(-3).
-307
Let s(u) = -5*u**3 - 5*u**2 - 2*u + 341. Determine s(0).
341
Let p(i) = 364936*i - 729886. Calculate p(2).
-14
Let i(z) = -9320*z - 66405. What is i(-7)?
-1165
Let v(h) = 16746*h - 133991. Give v(8).
-23
Let v(o) = -2*o**2 - 45*o + 269. Determine v(-33).
-424
Let j(n) = -10*n**2 + 121*n - 22. Determine j(12).
-10
Let i(l) = 357*l + 1187. What is i(-11)?
-2740
Let c(m) = -3*m**2 + 1639*m - 36349. Calculate c(523).
261
Let x(q) = 44*q**2 - 1562*q + 793. What is x(35)?
23
Let h(o) = o**3 - 544*o**2 + 1719*o + 238132. Determine h(540).
-8
Let v(j) = 2*j**3 - 54*j**2 - 367*j - 148. Determine v(-10).
-3878
Let z(o) = -3728*o + 33515. Give z(9).
-37
Let f(d) = -18963*d - 1554951. What is f(-82)?
15
Let f(c) = 199577*c - 7184777. What is f(36)?
-5
Let g(q) = -1012*q + 348163. Give g(344).
35
Let m(c) = c**3 + 1727*c**2 + 1210*c + 9. Determine m(0).
9
Let v(p) = 7*p**3 - 78*p**2 - 60*p - 157. Determine v(12).
-13
Let f(n) = 22321*n + 200891. Give f(-9).
2
Let z(k) = -2204*k + 6470. What is z(3)?
-142
Let y(r) = r**3 - r**2 + 4*r - 201. What is y(0)?
-201
Let w(o) = 131*o - 22988. What is w(175)?
-63
Let d(p) = p**3 + 224*p**2 - 508*p - 12722. Give d(-226).
-66
Let y(a) = -2*a**3 - 202*a**2 - 669*a - 7904. Determine y(-98).
34
Let g(z) = 6*z**2 - 852*z + 27597. Calculate g(50).
-3
Let z(d) = 8543*d + 76846. Calculate z(-9).
-41
Let j(u) = 243*u**2 + 10*u - 686. Give j(0).
-686
Let h(s) = -29770*s + 208044. Give h(7).
-346
Let h(d) = -3*d**2 - 7886*d - 47197. What is h(-6)?
11
Let s(i) = 2091*i**2 + 165186*i - 273. Calculate s(-79).
-36
Let i(h) = 64511*h - 258128. Calculate i(4).
-84
Let w(a) = 507*a - 1216. Calculate w(2).
-202
Let o(c) = -205*c + 120741. Calculate o(589).
-4
Let p(n) = -n**3 - 21*n**2 - 24*n - 433. Calculate p(-21).
71
Let g(i) = -26*i**3 - 153*i**2 + 2662*i + 15862. Calculate g(-6).
-2
Let o(q) = -51680*q + 981898. Give o(19).
-22
Let j(f) = 44*f**2 - 25748*f + 4685. What is j(585)?
5
Let f(u) = u**3 - 21*u**2 - 199*u + 93. What is f(28)?
9
Let d(t) = 3164*t - 303793. Give d(96).
-49
Let k(w) = 3461*w - 2073148. What is k(599)?
-9
Let t(x) = -x**3 + 2722*x**2 + 19188*x + 598. Determine t(-7).
3
Let a(r) = 33279*r + 6855491. Give a(-206).
17
Let u(t) = -t**3 + 21*t**2 + 689*t - 13784. Give u(19).
29
Let m(c) = -5*c**3 + 26*c**2 - 29*c + 24. Determine m(7).
-620
Let r(z) = z**3 - 213*z**2 + 2241*z + 110. What is r(11)?
319
Let f(y) = 12*y**3 - 1052*y**2 + 700*y - 384. Give f(87).
-36
Let j(w) = -19*w**2 + 70507*w + 4. Determine j(0).
4
Let t(a) = 122*a**2 + 9522*a + 96700. Give t(-12).
4
Let z(b) = 3307*b - 12872. Calculate z(4).
356
Let t(y) = y**3 - 74*y**2 + 1246*y + 4474. Determine t(41).
87
Let q(f) = 138*f - 9651. What is q(75)?
699
Let d(b) = -3739*b - 22425. Calculate d(-6).
9
Let n(l) = -81*l**2 - 2017*l - 2007. What is n(-1)?
-71
Let w(b) = b**3 + 73*b**2 - 161*b - 330. What is w(-75)?
495
Let r(u) = -4*u**2 - 276*u - 3474. Determine r(-66).
-2682
Let g(r) = 15*r**2 - 491*r + 2593. Give g(31).
1787
Let x(c) = -3366*c + 770813. Determine x(229).
-1
Let l(s) = -350*s**3 + 355*s**2 + 217*s - 219. Calculate l(1).
3
Let t(d) = d**3 - 12*d**2 + 7*d - 363. Give t(16).
773
Let c(y) = -17876*y - 71509. Give c(-4).
-5
Let s(f) = -150558*f - 3914503. Give s(-26).
5
Let d(h) = 2*h**3 + 131*h**2 - 795*h - 970. What is d(-71)?
24
Let m(a) = -969*a - 4853. Give m(-5).
-8
Let p(s) = -s**2 - 725*s + 35503. Give p(46).
37
Let k(l) = -4*l**2 - 168*l - 420. Give k(-37).
320
Let d(a) = -455*a + 7575. Calculate d(20).
-1525
Let a(f) = 2*f**3 - 178*f**2 - 917*f - 2244. What is a(94)?
-82
Let i(b) = b**3 + 89*b**2 - 534*b + 23510. What is i(-97)?
36
Let t(y) = -y**3 - 18*y**2 + 2322*y - 20. Calculate t(-58).
-136
Let y(a) = 18*a**3 + 37*a**2 + 112*a - 8. Give y(-4).
-1016
Let v(z) = -2*z**2 + 6794*z - 413532. Determine v(62).
8
Let g(x) = -151231*x - 302536. Give g(-2).
-74
Let s(o) = 16493*o - 247420. What is s(15)?
-25
Let w(n) = -n**3 - 99*n**2 + 2601*n + 42388. What is w(-118)?
26
Let d(x) = 2749*x - 110350. Give d(40).
-390
Let d(t) = -5*t**2 - 873*t + 14238. What is d(15)?
18
Let l(j) = j**3 - 249*j**2 - 793*j + 9339. Calculate l(252).
15
Let n(h) = 4*h**3 + 32*h**2 + 3*h - 22. Calculate n(-5).
263
Let g(p) = -p**3 + 68*p**2 - 110*p + 2862. Give g(67).
-19
Let r(p) = -p**3 + 176*p**2 - 3110*p - 60. Determine r(20).
140
Let u(p) = 54*p**3 - 12745*p**2 + 239*p - 650. Calculate u(236).
58
Let c(p) = 457*p**3 - 464*p**2 + 7*p - 8. Calculate c(1).
-8
Let k(o) = 42033*o - 252181. Give k(6).
17
Let w(n) = -n**3 - 11*n**2 - 41*n - 145. Calculate w(-13).
726
Let i(t) = -2*t**2 - 474*t - 27919. Calculate i(-109).
-15
Let w(b) = 8*b**2 + 298*b + 19. What is w(-36)?
-341
Let u(d) = -d**3 + 75*d**2 + 289*d + 2118. Determine u(79).
-15
Let o(q) = -q**2 - 64555*q - 2129235. Give o(-33).
-9
Let o(t) = -t**3 - 42*t**2 + 414*t + 3478. Determine o(-49).
-1
Let j(o) = o**2 + 328*o + 20232. Give j(-86).
-580
Let y(z) = z**2 + 6511*z + 13013. What is y(-2)?
-5
Let r(y) = -1816*y - 203257. Give r(-113).
1951
Let h(n) = -5*n**3 + 165*n**2 + 316*n - 2. Calculate h(-2).
66
Let t(r) = -145866*r - 2479755. What is t(-17)?
-33
Let d(a) = -2*a**2 + 1979*a - 424172. What is d(314)?
42
Let c(o) = -75*o**2 + 200*o - 95. Give c(2).
5
Let x(d) = -5439*d - 22130. Give x(-4).
-374
Let t(i) = -i**3 - 95*i**2 - 2240*i + 177. Determine t(-44).
1
Let z(u) = -1426584*u + 38517761. Give z(27).
-7
Let m(y) = 2*y**3 + 11*y**2 + 28*y + 198. Determine m(-12).
-2010
Let c(u) = -28*u**2 + 272*u - 1640. Calculate c(6).
-1016
Let b(y) = 1251*y + 13472. What is b(-13)?
-2791
Let h(p) = 29*p - 122. Give h(-3).
-209
Let i(n